{"id":304,"date":"2017-06-07T19:05:03","date_gmt":"2017-06-07T17:05:03","guid":{"rendered":"https:\/\/rhjodoigne.be\/?page_id=304"},"modified":"2019-08-06T16:34:49","modified_gmt":"2019-08-06T14:34:49","slug":"musique","status":"publish","type":"page","link":"https:\/\/rhjodoigne.be\/index.php\/fr\/musique\/","title":{"rendered":"M\u00e9dia"},"content":{"rendered":"<h1>D\u00e9couvrez la musique de l&rsquo;Harmonie de Jodoigne et de ses diff\u00e9rents ensembles<\/h1>\n<h2>D\u00e9couvrez la musique de la RHJ<\/h2>\n<p><iframe loading=\"lazy\" src=\"https:\/\/w.soundcloud.com\/player\/?url=https%3A\/\/api.soundcloud.com\/tracks\/326994850&amp;color=ff5500&amp;auto_play=false&amp;hide_related=false&amp;show_comments=true&amp;show_user=true&amp;show_reposts=false\" width=\"100%\" height=\"166\" frameborder=\"no\" scrolling=\"no\"><\/iframe><\/p>\n<p><iframe loading=\"lazy\" src=\"https:\/\/w.soundcloud.com\/player\/?url=https%3A\/\/api.soundcloud.com\/tracks\/356711966&amp;color=%23ff5500&amp;auto_play=false&amp;hide_related=false&amp;show_comments=true&amp;show_user=true&amp;show_reposts=false&amp;show_teaser=true\" width=\"100%\" height=\"166\" frameborder=\"no\" scrolling=\"no\"><\/iframe><\/p>\n<h2>D\u00e9couvrez la musique de Kids&amp;Co<\/h2>\n<p><iframe loading=\"lazy\" src=\"https:\/\/w.soundcloud.com\/player\/?url=https%3A\/\/api.soundcloud.com\/tracks\/356704811&amp;color=%23ff5500&amp;auto_play=false&amp;hide_related=false&amp;show_comments=true&amp;show_user=true&amp;show_reposts=false&amp;show_teaser=true\" width=\"100%\" height=\"166\" frameborder=\"no\" scrolling=\"no\"><\/iframe><\/p>\n<h2>D\u00e9couvrez la musique de Oct&rsquo;Opus Band<\/h2>\n<div style=\"width: 790px;\" class=\"wp-video\"><!--[if lt IE 9]><script>document.createElement('video');<\/script><![endif]-->\n<video class=\"wp-video-shortcode\" id=\"video-304-1\" width=\"790\" height=\"444\" preload=\"metadata\" controls=\"controls\"><source type=\"video\/mp4\" src=\"https:\/\/rhjodoigne.be\/wp-content\/uploads\/2019\/08\/Goldman-1.mp4?_=1\" \/><a href=\"https:\/\/rhjodoigne.be\/wp-content\/uploads\/2019\/08\/Goldman-1.mp4\">https:\/\/rhjodoigne.be\/wp-content\/uploads\/2019\/08\/Goldman-1.mp4<\/a><\/video><\/div>\n<div style=\"width: 790px;\" class=\"wp-video\"><video class=\"wp-video-shortcode\" id=\"video-304-2\" width=\"790\" height=\"444\" preload=\"metadata\" controls=\"controls\"><source type=\"video\/mp4\" src=\"https:\/\/rhjodoigne.be\/wp-content\/uploads\/2019\/08\/Solo-Renaud.mp4?_=2\" \/><a href=\"https:\/\/rhjodoigne.be\/wp-content\/uploads\/2019\/08\/Solo-Renaud.mp4\">https:\/\/rhjodoigne.be\/wp-content\/uploads\/2019\/08\/Solo-Renaud.mp4<\/a><\/video><\/div>\n<h2>D\u00e9couvrez la musique du Penta Brass<\/h2>\n<p><iframe loading=\"lazy\" src=\"https:\/\/w.soundcloud.com\/player\/?url=https%3A\/\/api.soundcloud.com\/tracks\/379140257&amp;color=%23ff5500&amp;auto_play=false&amp;hide_related=false&amp;show_comments=true&amp;show_user=true&amp;show_reposts=false&amp;show_teaser=true\" width=\"100%\" height=\"166\" frameborder=\"no\" scrolling=\"no\"><\/iframe><\/p>\n<p><iframe loading=\"lazy\" src=\"https:\/\/w.soundcloud.com\/player\/?url=https%3A\/\/api.soundcloud.com\/tracks\/379141325&amp;color=%23ff5500&amp;auto_play=false&amp;hide_related=false&amp;show_comments=true&amp;show_user=true&amp;show_reposts=false&amp;show_teaser=true\" width=\"100%\" height=\"166\" frameborder=\"no\" scrolling=\"no\"><\/iframe><\/p>\n<p><iframe loading=\"lazy\" src=\"https:\/\/w.soundcloud.com\/player\/?url=https%3A\/\/api.soundcloud.com\/tracks\/379141571&amp;color=%23ff5500&amp;auto_play=false&amp;hide_related=false&amp;show_comments=true&amp;show_user=true&amp;show_reposts=false&amp;show_teaser=true\" width=\"100%\" height=\"166\" frameborder=\"no\" scrolling=\"no\"><\/iframe><\/p>\n<div style=\"width: 400px;\" class=\"wp-video\"><video class=\"wp-video-shortcode\" id=\"video-304-3\" width=\"400\" height=\"224\" preload=\"metadata\" controls=\"controls\"><source type=\"video\/mp4\" src=\"https:\/\/rhjodoigne.be\/wp-content\/uploads\/2018\/02\/MEF-2018.mp4?_=3\" \/><a href=\"https:\/\/rhjodoigne.be\/wp-content\/uploads\/2018\/02\/MEF-2018.mp4\">https:\/\/rhjodoigne.be\/wp-content\/uploads\/2018\/02\/MEF-2018.mp4<\/a><\/video><\/div>\n","protected":false},"excerpt":{"rendered":"<p>D\u00e9couvrez la musique de l&rsquo;Harmonie de Jodoigne et de ses diff\u00e9rents ensembles D\u00e9couvrez la musique de la RHJ D\u00e9couvrez la musique de Kids&amp;Co D\u00e9couvrez la musique de Oct&rsquo;Opus Band D\u00e9couvrez la musique du Penta Brass<\/p>\n","protected":false},"author":9,"featured_media":0,"parent":0,"menu_order":0,"comment_status":"closed","ping_status":"closed","template":"","meta":{"footnotes":""},"_links":{"self":[{"href":"https:\/\/rhjodoigne.be\/index.php\/wp-json\/wp\/v2\/pages\/304"}],"collection":[{"href":"https:\/\/rhjodoigne.be\/index.php\/wp-json\/wp\/v2\/pages"}],"about":[{"href":"https:\/\/rhjodoigne.be\/index.php\/wp-json\/wp\/v2\/types\/page"}],"author":[{"embeddable":true,"href":"https:\/\/rhjodoigne.be\/index.php\/wp-json\/wp\/v2\/users\/9"}],"replies":[{"embeddable":true,"href":"https:\/\/rhjodoigne.be\/index.php\/wp-json\/wp\/v2\/comments?post=304"}],"version-history":[{"count":17,"href":"https:\/\/rhjodoigne.be\/index.php\/wp-json\/wp\/v2\/pages\/304\/revisions"}],"predecessor-version":[{"id":921,"href":"https:\/\/rhjodoigne.be\/index.php\/wp-json\/wp\/v2\/pages\/304\/revisions\/921"}],"wp:attachment":[{"href":"https:\/\/rhjodoigne.be\/index.php\/wp-json\/wp\/v2\/media?parent=304"}],"curies":[{"name":"wp","href":"https:\/\/api.w.org\/{rel}","templated":true}]}}